actor of 10 and l?
10
Let b(y) = -y**2 - 2*y + 412. Let u be b(0). Let l be (-3)/(-6) - u/(-8). Calculate the greatest common divisor of l and 26.
26
Suppose -t = 3*f - 5*f - 197, t + 3*f = 222. Let m = 259 - 184. Suppose -3*h - 6 = -m. What is the highest common divisor of h and t?
23
Suppose -5*g - 47 - 73 = -5*q, 0 = 5*q - 4*g - 116. Calculate the greatest common factor of q and 295.
5
Let o(c) be the first derivative of -c**3/3 - 11*c**2/2 - 10*c - 14. Let n be o(-6). What is the greatest common divisor of 50 and n?
10
Suppose -2*i + 6 = -3*i. Let h be i/2*184/(-24). Calculate the highest common factor of h and 92.
23
Suppose -129 = 24*f - 28*f - 3*u, 4*f + u - 139 = 0. What is the highest common divisor of 84 and f?
12
Let w = -15 + 25. Suppose -g - 560 = -8*g. Calculate the highest common factor of g and w.
10
Let t = -24 - -26. Let p(l) = 32*l**3 - t - 15*l**2 - 19 - 17*l - 33*l**3. Let f be p(-14). Calculate the highest common divisor of f and 105.
21
Let d = 56 + -37. Let a be ((-24)/(-10))/((-2)/(-120)*9). Let i = d - a. Calculate the highest common divisor of i and 24.
3
Let q = -152 + 174. Suppose 3*j = 2*j + 176. What is the highest common factor of q and j?
22
Let y = 26 + 56. Calculate the highest common factor of y and 164.
82
Suppose -6*x = -4*x - 54. Calculate the highest common factor of x and 162.
27
Let w be (1/1 + 8)*(-96)/(-432). Calculate the greatest common factor of 17 and w.
1
Let f be 3*2/6*3. Let j(p) = -p**3 + 6*p**2 - 10. Let t be j(5). Calculate the highest common divisor of t and f.
3
Let g = -134 - -189. Suppose 5*q - 3*a - 20 - 44 = 0, q + 5*a + 4 = 0. Calculate the greatest common divisor of q and g.
11
Let n(x) = -7*x + 8 - 6 - 16. Let l be n(-6). What is the greatest common divisor of l and 224?
28
Suppose 0 = 69*l - 2835 - 477. What is the highest common divisor of 24 and l?
24
Let v be (-10)/(-4) + -2 - (-890)/20. Let a = -37 + v. Let y be 724/10 + 2/(-5). What is the highest common divisor of y and a?
8
Let w(l) = -l**2 - 76*l + 280. Let v be w(0). Let b be 0 - (-35 + 0/(-2)). What is the highest common factor of v and b?
35
Let k(d) = 11*d - 41. Let v be k(5). Suppose -v = -3*r + 1. Let x be ((-2)/(-4))/(4/40). Calculate the highest common divisor of r and x.
5
Let y be (-355718)/(-115) + 24/30. Calculate the greatest common divisor of 182 and y.
182
Suppose 2*p + 0 = 4. Suppose -t = -p*z + 151, t + t = -3*z - 274. Let r = t - -297. Calculate the highest common divisor of r and 14.
14
Let j be (735 - -47) + 1/(-2)*-2. What is the highest common factor of 27 and j?
27
Suppose -46 = -3*g - p, 2*g - 17*p - 16 = -14*p. Suppose 0 = 4*a - 16, 2*c - 55 = a + 193. Calculate the highest common factor of c and g.
14
Let x(s) = 11*s - 12. Let m be x(-2). Let d = -23 - m. What is the greatest common divisor of d and 33?
11
Suppose 3*c = -2*c. Suppose 101 = -5*z + 331. Suppose c = 4*b - 42 - z. What is the highest common factor of 11 and b?
11
Suppose 352 = 6*h - 2*h. Let b(s) = -22*s**3 + s**2 - 1. Suppose -1 = -5*o - 6. Let f be b(o). What is the greatest common divisor of f and h?
22
Suppose 4*z - 3*z = 51. Suppose -z = -l - 2*l. Let v be (-170)/(-5)*(-18)/(-4). Calculate the greatest common factor of l and v.
17
Suppose -16*l + 3*b + 45 = -15*l, -2*b - 8 = 0. Calculate the highest common factor of 759 and l.
33
Suppose 72 = 129*z - 126*z. What is the highest common factor of z and 300?
12
Let k(q) = 2*q - 10. Let n be k(8). Suppose -p = t + 2*t - 6, -p + n = -4*t. Let s = 43 + -13. Calculate the greatest common divisor of s and p.
6
Let i = 2 + 0. Let t(y) = i + 1 - y**3 + 5*y**2 + y**2 + 10*y. Let f be t(7). What is the greatest common divisor of 60 and f?
12
Suppose -48*l = 3804 - 11484. Calculate the highest common divisor of 20 and l.
20
Suppose -780 = -13*m + 11*m. Let l = 742 - m. Calculate the greatest common divisor of l and 32.
32
Suppose -4*t = -v - v + 582, -3*v = -t - 868. What is the greatest common divisor of 17 and v?
17
Let n = 20 - 18. Let l = 6 + n. What is the highest common divisor of 40 and l?
8
Let v(w) = -2*w**3 + w**2 + 2*w + 1. Let s be v(-1). Let r(i) = 11*i**2 - 5*i + 4. Let n be r(s). What is the greatest common factor of 418 and n?
38
Let u(m) = -m + 7. Let j be (-4)/((-12)/9) + -9. Let q be 6/j + 4*-2. Let i be u(q). What is the highest common divisor of 144 and i?
16
Let z(x) = -2*x + 7. Let v be z(6). Let h be 2 + v/1 + 4. Suppose -h = n - 2*n, y - 5*n = 23. What is the greatest common divisor of y and 7?
7
Let d be -4 - -13 - 2 - 4. Let g(x) = x + 7. Let i be g(d). Calculate the greatest common factor of 30 and i.
10
Let z be (1 + 3)*(-3 - 10/(-1)). What is the greatest common divisor of z and 28?
28
Suppose -2*s = -15*s + 5083. Calculate the greatest common divisor of 253 and s.
23
Let u be 6 - 9/(-3) - -1*4. Suppose -u*c + 240 = -c. What is the greatest common factor of 100 and c?
20
Suppose 5*t + 5*i - 85 = 0, -3*i + i - 8 = 0. What is the highest common divisor of t and 147?
21
Let r be (15 + 0)*(-4)/(-5). Let h(u) = u**3 - 13*u**2 - 23*u - 26. Let v be h(15). Let i = -49 + v. What is the greatest common divisor of i and r?
6
Let a(v) = 6*v**2 + 46*v - 13. Let j be a(-11). Calculate the highest common divisor of 18 and j.
9
Suppose 0*t - 352 = -4*t. Suppose -5*x - t = -4*q, -5*q = 2*x - 160 + 50. What is the highest common factor of 1 and q?
1
Let r be (-324)/15*(-5)/2. Let t = 68 - r. What is the highest common factor of t and 182?
14
Let n(p) = -2*p - 18. Let s be n(-22). Calculate the greatest common divisor of 169 and s.
13
Let q(y) = 4*y**2 + 9*y - 21. Let z be q(2). Calculate the highest common divisor of z and 13.
13
Suppose q = -5*q + 42. Let g = q - 7. Suppose 3*h + g*h - 171 = -4*v, -v + 2*h = -40. Calculate the greatest common factor of 63 and v.
21
Let r be 1/(15/7 + -2). Let q(j) = j**3 + j**2 + 5*j + 1. Let d be q(-2). Let y = d + 27. What is the greatest common factor of r and y?
7
Suppose -7*k - g + 85 = -2*k, -2*k - 5*g + 34 = 0. What is the highest common divisor of k and 153?
17
Suppose r + 5*v = 17 + 12, 5*r - v - 275 = 0. Suppose 14 - r = -d. What is the highest common divisor of d and 10?
10
Let f(a) = 47*a + 11. Let k be f(5). Let v be 6/(-15) + k/15. What is the highest common factor of 4 and v?
4
Let z(d) = 8*d**2 + 43*d + 11. Let u be z(8). What is the greatest common factor of u and 51?
51
Let d = 847 - 838. What is the highest common divisor of 504 and d?
9
Let c be -8 + (-312)/(-36) + 664/3. Calculate the highest common factor of c and 18.
6
Let u be (-1 + 2)/(((-369)/(-108))/41). Calculate the highest common divisor of 1248 and u.
12
Suppose 0 = 3*p - 2*p - 41. Suppose b - 71 = 52. Calculate the greatest common divisor of b and p.
41
Let j(m) = -46*m - 1082. Let h be j(-29). Let w be (-2)/(-6) + (-10)/3. Let v be w + 1 + 1 + 37. Calculate the greatest common divisor of h and v.
36
Suppose 0 = -17*o - 81 + 3634. Calculate the highest common divisor of o and 11.
11
Let f be 47 + -1 + 1 + -1. Let v(q) = -1. Let j(w) = 54*w - 4. Let u(d) = -j(d) - 3*v(d). Let p be u(-2). Calculate the greatest common divisor of p and f.
23
Let y be (1280/12)/(-8)*(-60)/25. What is the greatest common divisor of y and 1?
1
Suppose 2*y + 4*c + 11 = -y, 3*y = -2*c - 1. Let u be 86/(-387) - (-2)/9. Suppose u*o + 3*o + 16 = g, 6 = y*o. What is the greatest common divisor of 132 and g?
22
Let f(s) = 3*s + 7. Let d be f(7). Suppose 0 = -v - 1 - 5. Let t be ((-14)/v + -3)*-6. Calculate the highest common divisor of d and t.
4
Suppose 0 = 3*a - 2*o - 246, -328 = 141*a - 145*a + 4*o. What is the greatest common factor of 2 and a?
2
Let l = -253 - -258. Calculate the highest common divisor of l and 55.
5
Let n = -991 + 1022. What is the greatest common divisor of 62 and n?
31
Suppose -103 = -4*l - 2*g + 51, 4*l - 3*g = 139. What is the highest common divisor of l and 37?
37
Let w = 35 - -75. What is the greatest common factor of 33 and w?
11
Suppose -3*y - 58 = 5. Let d = y + 37. Let t = d - -6. Calculate the highest common divisor of 66 and t.
22
Let n = -1 - -7. Suppose 4*m - 66 = 3*y, -n*m + m + 2*y + 86 = 0. What is the greatest common factor of m and 12?
6
Let c be (-145)/(-58)*(-2 + (-324)/(-10)). What is the greatest common factor of c and 133?
19
Let q(u) = u**2 +